{"id":31,"date":"2023-08-21T22:13:12","date_gmt":"2023-08-21T20:13:12","guid":{"rendered":"http:\/\/terapeuci.com.pl\/?page_id=31"},"modified":"2023-11-12T11:21:29","modified_gmt":"2023-11-12T10:21:29","slug":"skuteczna-terapia-uzaleznien","status":"publish","type":"page","link":"https:\/\/terapeuci.com.pl\/","title":{"rendered":"Dlaczego my?"},"content":{"rendered":"\n<div class=\"wp-block-columns alignwide is-layout-flex wp-container-7 wp-block-columns-is-layout-flex\" style=\"margin-bottom:0\">\n<div class=\"wp-block-column has-text-color has-background has-link-color wp-elements-efd45f8861f5e18222b5f7e94df8783b is-layout-flow wp-block-column-is-layout-flow\" style=\"color:#000000;background-color:#ffe97d;padding-top:2em;padding-right:2em;padding-bottom:2em;padding-left:2em\">\n<h2 class=\"wp-block-heading has-text-align-center\" id=\"single\" style=\"font-size:40px\"><a href=\"http:\/\/terapeuci.com.pl\/index.php\/leczenie-uzaleznien\/\"><strong>Uzale\u017cnieni<\/strong>e<\/a><\/h2>\n\n\n\n<p class=\"has-normal-font-size\" style=\"line-height:1.5\"><strong>Uzale\u017cnienie jest chorob\u0105.<\/strong><\/p>\n\n\n\n<hr class=\"wp-block-separator has-text-color has-css-opacity has-background is-style-wide\" style=\"background-color:#000000;color:#000000\"\/>\n\n\n\n<ul class=\"has-normal-font-size\">\n<li>Leczymy uzale\u017cnienia chemiczne, takie jak alkohol, narkotyki, leki, dopalacze, a tak\u017ce uzale\u017cnienia behawioralne, jak hazard, zakupoholizm oraz inne<\/li>\n\n\n\n<li>Wsp\u00f3\u0142pracujemy z najlepszymi stacjonarnymi o\u015brodkami uzale\u017cnie\u0144 w Polsce<\/li>\n\n\n\n<li>Wystawiamy odpowiednie dokumenty w trakcie i po zako\u0144czeniu terapii<\/li>\n\n\n\n<li>Zapewniamy 100% anonimowo\u015bci<\/li>\n<\/ul>\n\n\n\n<div class=\"wp-block-buttons alignfull is-horizontal is-content-justification-center is-layout-flex wp-container-1 wp-block-buttons-is-layout-flex\">\n<div class=\"wp-block-button has-custom-width wp-block-button__width-100\"><a class=\"wp-block-button__link has-white-color has-text-color has-background no-border-radius wp-element-button\" style=\"background-color:#000000\">Zaufaj naszej wiedzy i do\u015bwiadczeniu<\/a><\/div>\n<\/div>\n<\/div>\n\n\n\n<div class=\"wp-block-column has-text-color has-background has-link-color wp-elements-9f721914dcce044b0765c36f8f352b27 is-layout-flow wp-block-column-is-layout-flow\" style=\"color:#000000;background-color:#d1d1e1;padding-top:2em;padding-right:2em;padding-bottom:2em;padding-left:2em\">\n<h3 class=\"wp-block-heading alignwide has-text-align-center\" id=\"family\" style=\"font-size:40px\"><strong><a href=\"http:\/\/terapeuci.com.pl\/index.php\/wspoluzaleznienie\/\">Wsp\u00f3\u0142uzale\u017c-nienie<\/a><\/strong><\/h3>\n\n\n\n<p class=\"has-normal-font-size\" style=\"line-height:1.5\"><strong> Wsp\u00f3\u0142uzale\u017cnienie to zesp\u00f3\u0142 zachowa\u0144 i zaburze\u0144, kt\u00f3re charakteryzuj\u0105 osoby znajduj\u0105ce si\u0119 w najbli\u017cszym otoczeniu os\u00f3b uzale\u017cnionych.<\/strong><\/p>\n\n\n\n<hr class=\"wp-block-separator has-css-opacity is-style-wide\"\/>\n\n\n\n<ul class=\"has-normal-font-size\">\n<li>Prowadzimy terapi\u0119 dla os\u00f3b wsp\u00f3\u0142uzale\u017cnionych<\/li>\n<\/ul>\n\n\n\n<p><strong>Je\u017celi<\/strong><\/p>\n\n\n\n<ul>\n<li>codziennie zastanawiasz si\u0119, jak wyrwa\u0107 z uzale\u017cnienia blisk\u0105 osob\u0119<\/li>\n\n\n\n<li>\u017cyjesz w ci\u0105g\u0142ym l\u0119ku<\/li>\n\n\n\n<li>czujesz bezsilno\u015b\u0107 i bezradno\u015b\u0107<\/li>\n<\/ul>\n\n\n\n<div class=\"wp-block-buttons alignfull is-horizontal is-content-justification-center is-layout-flex wp-container-3 wp-block-buttons-is-layout-flex\">\n<div class=\"wp-block-button has-custom-width wp-block-button__width-100 is-style-fill\"><a class=\"wp-block-button__link has-white-color has-text-color has-background no-border-radius wp-element-button\" style=\"background-color:#000000\">aby pom\u00f3c osobie uzale\u017cnionej, trzeba zdoby\u0107 podstawow\u0105 wiedz\u0119 <\/a><\/div>\n<\/div>\n<\/div>\n\n\n\n<div class=\"wp-block-column has-text-color has-background has-link-color wp-elements-3f0bef2880041ed24aebf7b276b3c42b is-layout-flow wp-block-column-is-layout-flow\" style=\"color:#000000;background-color:#c0ebf1;padding-top:2em;padding-right:2em;padding-bottom:2em;padding-left:2em\">\n<h2 class=\"wp-block-heading has-text-align-center\" id=\"patron\" style=\"font-size:40px\"><strong><a href=\"http:\/\/terapeuci.com.pl\/index.php\/detoks\/\">Odtrucia \/ zaszycia<\/a><\/strong><\/h2>\n\n\n\n<p class=\"has-normal-font-size\"><strong> Detoks czyli odtrucie \u0142agodzi skutki odstawienne.<\/strong><\/p>\n\n\n\n<hr class=\"wp-block-separator has-css-opacity is-style-wide\"\/>\n\n\n\n<ul class=\"has-normal-font-size\">\n<li>Skutecznie zatrzymujemy &#8222;ci\u0105gi&#8221; alkoholowe, lekowe i narkotykowe<\/li>\n\n\n\n<li>Nasi specjali\u015bci (chirurdzy) zaszywaj\u0105 Esperalem i Naltreksonem<\/li>\n\n\n\n<li>Wspieramy w dalszej drodze ku trze\u017awo\u015bci, nie tylko abstynencji<\/li>\n<\/ul>\n\n\n\n<div class=\"wp-block-buttons alignfull is-horizontal is-content-justification-center is-layout-flex wp-container-5 wp-block-buttons-is-layout-flex\">\n<div class=\"wp-block-button has-custom-width wp-block-button__width-100\"><a class=\"wp-block-button__link has-white-color has-text-color has-background no-border-radius wp-element-button\" style=\"background-color:#000000\">Abstynencja a trze\u017awo\u015b\u0107 to dwa r\u00f3\u017cne poj\u0119cia<\/a><\/div>\n<\/div>\n<\/div>\n<\/div>\n\n\n\n<div class=\"wp-block-group alignfull has-text-color has-background is-layout-flow wp-block-group-is-layout-flow\" style=\"color:#000000;background-color:#ffffff\"><div class=\"wp-block-group__inner-container\">\n<div style=\"height:64px\" aria-hidden=\"true\" class=\"wp-block-spacer\"><\/div>\n\n\n\n<p class=\"has-text-align-center has-small-font-size\" style=\"line-height:.9\"><\/p>\n\n\n\n<h2 class=\"wp-block-heading has-text-align-center\" id=\"schedule-a-visit\" style=\"font-size:59px;line-height:1.15\"><strong><a href=\"http:\/\/terapeuci.com.pl\/index.php\/terapia-uzaleznien-emocjonalnych\/\">Leczymy uzale\u017cnienia emocjonalne<\/a><\/strong><\/h2>\n\n\n\n<div class=\"wp-block-buttons is-horizontal is-content-justification-center is-layout-flex wp-container-8 wp-block-buttons-is-layout-flex\">\n<div class=\"wp-block-button has-custom-width wp-block-button__width-50\"><a class=\"wp-block-button__link has-text-color has-background wp-element-button\" href=\"tel:+48537447111\" style=\"border-radius:50px;color:#ffffff;background-color:#000000\">Skontaktuj si\u0119 z nami<\/a><\/div>\n<\/div>\n<\/div><\/div>\n\n\n\n<div class=\"wp-block-columns alignfull has-text-color has-background is-layout-flex wp-container-13 wp-block-columns-is-layout-flex\" style=\"color:#000000;background-color:#ffffff\">\n<div class=\"wp-block-column is-layout-flow wp-block-column-is-layout-flow\">\n<h3 class=\"wp-block-heading\" style=\"font-size:24px;line-height:1.3\"><strong><a href=\"http:\/\/terapeuci.com.pl\/index.php\/detoks\/\">Odtrucia \/ detoks &#x2197;<\/a><\/strong><\/h3>\n\n\n\n<p>Wsp\u00f3\u0142pracujemy z najlepszymi ratownikami medycznymi, mo\u017cliwy dojazd do Klienta, lub detoks w pe\u0142ni anonimowy w jednym z naszych o\u015brodk\u00f3w.<\/p>\n<\/div>\n\n\n\n<div class=\"wp-block-column is-layout-flow wp-block-column-is-layout-flow\">\n<h3 class=\"wp-block-heading\" style=\"font-size:24px;line-height:1.3\"><strong><a href=\"http:\/\/terapeuci.com.pl\/index.php\/terapia-on-line\/\">Terapia on-line &#x2197;<\/a><\/strong><\/h3>\n\n\n\n<p>Mieszkasz poza Warszaw\u0105? A mo\u017ce za granic\u0105? Mamy rozwi\u0105zanie i dla Ciebie!<\/p>\n<\/div>\n\n\n\n<div class=\"wp-block-column is-layout-flow wp-block-column-is-layout-flow\">\n<h3 class=\"wp-block-heading\" style=\"font-size:24px;line-height:1.3\"><strong>Addiction therapy in English &#x2197;<\/strong><\/h3>\n\n\n\n<p>We provide also the addiction therapy in English, also online.<\/p>\n<\/div>\n<\/div>\n\n\n\n<h3 class=\"wp-block-heading alignwide has-text-align-center\" id=\"we-re-a-studio-in-berlin-with-an-international-practice-in-architecture-urban-planning-and-interior-design-we-believe-in-sharing-knowledge-and-promoting-dialogue-to-increase-the-creative-potential-of-collaboration\" style=\"font-size:48px;line-height:1.1\"><mark style=\"background-color:#dcd7ca\" class=\"has-inline-color has-accent-color\"><a href=\"http:\/\/terapeuci.com.pl\/index.php\/nasza-oferta\/\">Oferta szczeg\u00f3\u0142owa \/ Kliknij tutaj<\/a><\/mark><\/h3>\n\n\n\n<div class=\"wp-block-columns alignfull is-layout-flex wp-container-19 wp-block-columns-is-layout-flex\">\n<div class=\"wp-block-column is-layout-flow wp-block-column-is-layout-flow\" style=\"flex-basis:50%\">\n<div class=\"wp-block-cover is-light\" style=\"min-height:600px\"><span aria-hidden=\"true\" class=\"wp-block-cover__background has-background-dim-100 has-background-dim\" style=\"background-color:#f6f6f6\"><\/span><div class=\"wp-block-cover__inner-container is-layout-flow wp-block-cover-is-layout-flow\"><div class=\"wp-block-image\">\n<figure class=\"aligncenter size-full is-resized\"><img decoding=\"async\" loading=\"lazy\" width=\"1024\" height=\"639\" src=\"http:\/\/terapeuci.com.pl\/wp-content\/uploads\/2023\/08\/Freedom-OTU.jpg\" alt=\"terapia lecenie uzale\u017cnie\u0144 warszawa targ\u00f3wek alkoholizm narkomania lekomania\" class=\"wp-image-61\" style=\"width:538px;height:336px\" srcset=\"https:\/\/terapeuci.com.pl\/wp-content\/uploads\/2023\/08\/Freedom-OTU.jpg 1024w, https:\/\/terapeuci.com.pl\/wp-content\/uploads\/2023\/08\/Freedom-OTU-300x187.jpg 300w, https:\/\/terapeuci.com.pl\/wp-content\/uploads\/2023\/08\/Freedom-OTU-768x479.jpg 768w\" sizes=\"(max-width: 1024px) 100vw, 1024px\" \/><figcaption class=\"wp-element-caption\">Jakie mog\u0105 by\u0107 przyczyny uzale\u017cnie\u0144?<br>1. Wykluczenie spo\u0142eczne<br>2. Spo\u0142eczne<br>3. Biologiczne, geny<br>4. Psychiczne <br>5. Stres<br>6. Wiara, jako uzale\u017cnienie<\/figcaption><\/figure><\/div>\n\n\n<p><\/p>\n\n\n\n<figure class=\"wp-block-image size-large is-resized\"><img decoding=\"async\" loading=\"lazy\" width=\"1024\" height=\"671\" src=\"http:\/\/terapeuci.com.pl\/wp-content\/uploads\/2023\/08\/substance-abuse-program-1024x671.jpg\" alt=\"psychoterapeuta uzale\u017cnie\u0144 warszawa terapia lecenie uzale\u017cnie\u0144 targ\u00f3wek alkoholizm narkomania lekomania\" class=\"wp-image-64\" style=\"width:536px;height:351px\" srcset=\"https:\/\/terapeuci.com.pl\/wp-content\/uploads\/2023\/08\/substance-abuse-program-1024x671.jpg 1024w, https:\/\/terapeuci.com.pl\/wp-content\/uploads\/2023\/08\/substance-abuse-program-300x197.jpg 300w, https:\/\/terapeuci.com.pl\/wp-content\/uploads\/2023\/08\/substance-abuse-program-768x503.jpg 768w, https:\/\/terapeuci.com.pl\/wp-content\/uploads\/2023\/08\/substance-abuse-program-1536x1006.jpg 1536w, https:\/\/terapeuci.com.pl\/wp-content\/uploads\/2023\/08\/substance-abuse-program-2048x1342.jpg 2048w, https:\/\/terapeuci.com.pl\/wp-content\/uploads\/2023\/08\/substance-abuse-program-1200x786.jpg 1200w, https:\/\/terapeuci.com.pl\/wp-content\/uploads\/2023\/08\/substance-abuse-program-1980x1297.jpg 1980w\" sizes=\"(max-width: 1024px) 100vw, 1024px\" \/><\/figure>\n<\/div><\/div>\n<\/div>\n\n\n\n<div class=\"wp-block-column is-vertically-aligned-center is-layout-flow wp-block-column-is-layout-flow\" style=\"padding-top:1em;padding-right:1em;padding-bottom:1em;padding-left:1em\">\n<div class=\"wp-block-columns is-layout-flex wp-container-17 wp-block-columns-is-layout-flex\">\n<div class=\"wp-block-column is-layout-flow wp-block-column-is-layout-flow\" style=\"flex-basis:320px\">\n<p class=\"has-small-font-size\" style=\"line-height:1.6\"><strong>PRZYCZYNY UZALE\u017bNIE\u0143<\/strong><\/p>\n\n\n\n<p>Czym jest uzale\u017cnienie?<\/p>\n\n\n\n<p>Uzale\u017cnienie jest granic\u0105, kt\u00f3rej przekroczenie oznacza zniewolenie od przyjemno\u015bci. &nbsp;&nbsp;&nbsp;Uzale\u017cni\u0107 mo\u017cna si\u0119 niemal\u017ce od wszystkiego \u2013 zar\u00f3wno od substancji psychoaktywnych jak i okre\u015blonych czynno\u015bci (tzw. uzale\u017cnienia behawioralne).<\/p>\n\n\n\n<p>Jak powstaje uzale\u017cnienie?<\/p>\n\n\n\n<p>Niezale\u017cnie od przyczyny uzale\u017cnienia mechanizm jego powstawania jest w ka\u017cdym przypadku taki sam. S\u0105 to z\u0142o\u017cone procesy poznawcze, fizjologiczne oraz behawioralne, kt\u00f3re prowadz\u0105 do tego, \u017ce przyjmowanie jakiej\u015b substancji lub wykonywanie okre\u015blonej czynno\u015bci staje si\u0119 wewn\u0119trznym przymusem i w hierarchii warto\u015bci jest stawiane wy\u017cej od innych rzeczy. Rzecz, od kt\u00f3rej dana osoba jest uzale\u017cniona, powoduje szereg biochemicznych reakcji zachodz\u0105cych w m\u00f3zgu, co wywo\u0142uje uczucie ulgi, szcz\u0119\u015bcia, euforii. Zaczyna wi\u0119c kojarzy\u0107 si\u0119 z przyjemno\u015bci\u0105, dlatego jednostka cz\u0119\u015bciej do niej wraca, zw\u0142aszcza gdy ma obni\u017cony nastr\u00f3j lub nie jest w stanie poradzi\u0107 sobie z jakim\u015b problemem. Ponadto zwi\u0119ksza si\u0119 tolerancja organizmu, dlatego osoba uzale\u017cniona musi przyjmowa\u0107 coraz wi\u0119ksze dawki danej substancji lub wykonywa\u0107 coraz cz\u0119\u015bciej jak\u0105\u015b czynno\u015b\u0107, aby znowu poczu\u0107 ten sam efekt psychiczny i emocjonalny.<\/p>\n\n\n\n<p><\/p>\n<\/div>\n<\/div>\n<\/div>\n<\/div>\n","protected":false},"excerpt":{"rendered":"<p>Uzale\u017cnienie Uzale\u017cnienie jest chorob\u0105. Wsp\u00f3\u0142uzale\u017c-nienie Wsp\u00f3\u0142uzale\u017cnienie to zesp\u00f3\u0142 zachowa\u0144 i zaburze\u0144, kt\u00f3re charakteryzuj\u0105 osoby znajduj\u0105ce si\u0119 w najbli\u017cszym otoczeniu os\u00f3b uzale\u017cnionych. Je\u017celi Odtrucia \/ zaszycia Detoks czyli odtrucie \u0142agodzi skutki odstawienne. Leczymy uzale\u017cnienia emocjonalne Odtrucia \/ detoks &#x2197; Wsp\u00f3\u0142pracujemy z najlepszymi ratownikami medycznymi, mo\u017cliwy dojazd do Klienta, lub detoks w pe\u0142ni anonimowy w jednym z [&hellip;]<\/p>\n","protected":false},"author":1,"featured_media":0,"parent":0,"menu_order":0,"comment_status":"closed","ping_status":"closed","template":"","meta":{"om_disable_all_campaigns":false,"_monsterinsights_skip_tracking":false,"_monsterinsights_sitenote_active":false,"_monsterinsights_sitenote_note":"","_monsterinsights_sitenote_category":0,"footnotes":""},"aioseo_notices":[],"yoast_head":"<!-- This site is optimized with the Yoast SEO Premium plugin v21.3 (Yoast SEO v22.6) - https:\/\/yoast.com\/wordpress\/plugins\/seo\/ -->\n<title>Dlaczego my? - Terapia uzale\u017cnie\u0144, wsp\u00f3\u0142uzale\u017cnie\u0144, par, DDA, DDD<\/title>\n<meta name=\"description\" content=\"Uzale\u017cnienie jest granic\u0105, kt\u00f3rej przekroczenie oznacza zniewolenie od przyjemno\u015bci. \u00a0\u00a0\u00a0Uzale\u017cni\u0107 mo\u017cna si\u0119 niemal\u017ce od wszystkiego\" \/>\n<meta name=\"robots\" content=\"index, follow, max-snippet:-1, max-image-preview:large, max-video-preview:-1\" \/>\n<link rel=\"canonical\" href=\"https:\/\/terapeuci.com.pl\/\" \/>\n<meta property=\"og:locale\" content=\"pl_PL\" \/>\n<meta property=\"og:type\" content=\"article\" \/>\n<meta property=\"og:title\" content=\"Dlaczego my?\" \/>\n<meta property=\"og:description\" content=\"Uzale\u017cnienie jest granic\u0105, kt\u00f3rej przekroczenie oznacza zniewolenie od przyjemno\u015bci. \u00a0\u00a0\u00a0Uzale\u017cni\u0107 mo\u017cna si\u0119 niemal\u017ce od wszystkiego\" \/>\n<meta property=\"og:url\" content=\"https:\/\/terapeuci.com.pl\/\" \/>\n<meta property=\"og:site_name\" content=\"Terapia uzale\u017cnie\u0144, wsp\u00f3\u0142uzale\u017cnie\u0144, par, DDA, DDD\" \/>\n<meta property=\"article:modified_time\" content=\"2023-11-12T10:21:29+00:00\" \/>\n<meta property=\"og:image\" content=\"http:\/\/terapeuci.com.pl\/wp-content\/uploads\/2023\/08\/Freedom-OTU.jpg\" \/>\n<meta name=\"twitter:card\" content=\"summary_large_image\" \/>\n<meta name=\"twitter:label1\" content=\"Szacowany czas czytania\" \/>\n\t<meta name=\"twitter:data1\" content=\"3 minuty\" \/>\n<script type=\"application\/ld+json\" class=\"yoast-schema-graph\">{\"@context\":\"https:\/\/schema.org\",\"@graph\":[{\"@type\":\"WebPage\",\"@id\":\"https:\/\/terapeuci.com.pl\/\",\"url\":\"https:\/\/terapeuci.com.pl\/\",\"name\":\"Dlaczego my? - Terapia uzale\u017cnie\u0144, wsp\u00f3\u0142uzale\u017cnie\u0144, par, DDA, DDD\",\"isPartOf\":{\"@id\":\"http:\/\/terapeuci.com.pl\/#website\"},\"primaryImageOfPage\":{\"@id\":\"https:\/\/terapeuci.com.pl\/#primaryimage\"},\"image\":{\"@id\":\"https:\/\/terapeuci.com.pl\/#primaryimage\"},\"thumbnailUrl\":\"http:\/\/terapeuci.com.pl\/wp-content\/uploads\/2023\/08\/Freedom-OTU.jpg\",\"datePublished\":\"2023-08-21T20:13:12+00:00\",\"dateModified\":\"2023-11-12T10:21:29+00:00\",\"description\":\"Uzale\u017cnienie jest granic\u0105, kt\u00f3rej przekroczenie oznacza zniewolenie od przyjemno\u015bci. \u00a0\u00a0\u00a0Uzale\u017cni\u0107 mo\u017cna si\u0119 niemal\u017ce od wszystkiego\",\"breadcrumb\":{\"@id\":\"https:\/\/terapeuci.com.pl\/#breadcrumb\"},\"inLanguage\":\"pl-PL\",\"potentialAction\":[{\"@type\":\"ReadAction\",\"target\":[\"https:\/\/terapeuci.com.pl\/\"]}]},{\"@type\":\"ImageObject\",\"inLanguage\":\"pl-PL\",\"@id\":\"https:\/\/terapeuci.com.pl\/#primaryimage\",\"url\":\"https:\/\/terapeuci.com.pl\/wp-content\/uploads\/2023\/08\/Freedom-OTU.jpg\",\"contentUrl\":\"https:\/\/terapeuci.com.pl\/wp-content\/uploads\/2023\/08\/Freedom-OTU.jpg\",\"width\":1024,\"height\":639,\"caption\":\"terapia uzale\u017cnie\u0144 warszawa\"},{\"@type\":\"BreadcrumbList\",\"@id\":\"https:\/\/terapeuci.com.pl\/#breadcrumb\",\"itemListElement\":[{\"@type\":\"ListItem\",\"position\":1,\"name\":\"Strona g\u0142\u00f3wna\",\"item\":\"https:\/\/terapeuci.com.pl\/\"},{\"@type\":\"ListItem\",\"position\":2,\"name\":\"Dlaczego my?\"}]},{\"@type\":\"WebSite\",\"@id\":\"http:\/\/terapeuci.com.pl\/#website\",\"url\":\"http:\/\/terapeuci.com.pl\/\",\"name\":\"Terapia uzale\u017cnie\u0144, wsp\u00f3\u0142uzale\u017cnie\u0144, par, DDA, DDD\",\"description\":\"Spraw, aby ka\u017cdy dzie\u0144 m\u00f3g\u0142 by\u0107 najpi\u0119kniejszym dniem Twojego \u017cycia\",\"potentialAction\":[{\"@type\":\"SearchAction\",\"target\":{\"@type\":\"EntryPoint\",\"urlTemplate\":\"http:\/\/terapeuci.com.pl\/?s={search_term_string}\"},\"query-input\":\"required name=search_term_string\"}],\"inLanguage\":\"pl-PL\"}]}<\/script>\n<!-- \/ Yoast SEO Premium plugin. -->","yoast_head_json":{"title":"Dlaczego my? - Terapia uzale\u017cnie\u0144, wsp\u00f3\u0142uzale\u017cnie\u0144, par, DDA, DDD","description":"Uzale\u017cnienie jest granic\u0105, kt\u00f3rej przekroczenie oznacza zniewolenie od przyjemno\u015bci. \u00a0\u00a0\u00a0Uzale\u017cni\u0107 mo\u017cna si\u0119 niemal\u017ce od wszystkiego","robots":{"index":"index","follow":"follow","max-snippet":"max-snippet:-1","max-image-preview":"max-image-preview:large","max-video-preview":"max-video-preview:-1"},"canonical":"https:\/\/terapeuci.com.pl\/","og_locale":"pl_PL","og_type":"article","og_title":"Dlaczego my?","og_description":"Uzale\u017cnienie jest granic\u0105, kt\u00f3rej przekroczenie oznacza zniewolenie od przyjemno\u015bci. \u00a0\u00a0\u00a0Uzale\u017cni\u0107 mo\u017cna si\u0119 niemal\u017ce od wszystkiego","og_url":"https:\/\/terapeuci.com.pl\/","og_site_name":"Terapia uzale\u017cnie\u0144, wsp\u00f3\u0142uzale\u017cnie\u0144, par, DDA, DDD","article_modified_time":"2023-11-12T10:21:29+00:00","og_image":[{"url":"http:\/\/terapeuci.com.pl\/wp-content\/uploads\/2023\/08\/Freedom-OTU.jpg"}],"twitter_card":"summary_large_image","twitter_misc":{"Szacowany czas czytania":"3 minuty"},"schema":{"@context":"https:\/\/schema.org","@graph":[{"@type":"WebPage","@id":"https:\/\/terapeuci.com.pl\/","url":"https:\/\/terapeuci.com.pl\/","name":"Dlaczego my? - Terapia uzale\u017cnie\u0144, wsp\u00f3\u0142uzale\u017cnie\u0144, par, DDA, DDD","isPartOf":{"@id":"http:\/\/terapeuci.com.pl\/#website"},"primaryImageOfPage":{"@id":"https:\/\/terapeuci.com.pl\/#primaryimage"},"image":{"@id":"https:\/\/terapeuci.com.pl\/#primaryimage"},"thumbnailUrl":"http:\/\/terapeuci.com.pl\/wp-content\/uploads\/2023\/08\/Freedom-OTU.jpg","datePublished":"2023-08-21T20:13:12+00:00","dateModified":"2023-11-12T10:21:29+00:00","description":"Uzale\u017cnienie jest granic\u0105, kt\u00f3rej przekroczenie oznacza zniewolenie od przyjemno\u015bci. \u00a0\u00a0\u00a0Uzale\u017cni\u0107 mo\u017cna si\u0119 niemal\u017ce od wszystkiego","breadcrumb":{"@id":"https:\/\/terapeuci.com.pl\/#breadcrumb"},"inLanguage":"pl-PL","potentialAction":[{"@type":"ReadAction","target":["https:\/\/terapeuci.com.pl\/"]}]},{"@type":"ImageObject","inLanguage":"pl-PL","@id":"https:\/\/terapeuci.com.pl\/#primaryimage","url":"https:\/\/terapeuci.com.pl\/wp-content\/uploads\/2023\/08\/Freedom-OTU.jpg","contentUrl":"https:\/\/terapeuci.com.pl\/wp-content\/uploads\/2023\/08\/Freedom-OTU.jpg","width":1024,"height":639,"caption":"terapia uzale\u017cnie\u0144 warszawa"},{"@type":"BreadcrumbList","@id":"https:\/\/terapeuci.com.pl\/#breadcrumb","itemListElement":[{"@type":"ListItem","position":1,"name":"Strona g\u0142\u00f3wna","item":"https:\/\/terapeuci.com.pl\/"},{"@type":"ListItem","position":2,"name":"Dlaczego my?"}]},{"@type":"WebSite","@id":"http:\/\/terapeuci.com.pl\/#website","url":"http:\/\/terapeuci.com.pl\/","name":"Terapia uzale\u017cnie\u0144, wsp\u00f3\u0142uzale\u017cnie\u0144, par, DDA, DDD","description":"Spraw, aby ka\u017cdy dzie\u0144 m\u00f3g\u0142 by\u0107 najpi\u0119kniejszym dniem Twojego \u017cycia","potentialAction":[{"@type":"SearchAction","target":{"@type":"EntryPoint","urlTemplate":"http:\/\/terapeuci.com.pl\/?s={search_term_string}"},"query-input":"required name=search_term_string"}],"inLanguage":"pl-PL"}]}},"_links":{"self":[{"href":"https:\/\/terapeuci.com.pl\/index.php\/wp-json\/wp\/v2\/pages\/31"}],"collection":[{"href":"https:\/\/terapeuci.com.pl\/index.php\/wp-json\/wp\/v2\/pages"}],"about":[{"href":"https:\/\/terapeuci.com.pl\/index.php\/wp-json\/wp\/v2\/types\/page"}],"author":[{"embeddable":true,"href":"https:\/\/terapeuci.com.pl\/index.php\/wp-json\/wp\/v2\/users\/1"}],"replies":[{"embeddable":true,"href":"https:\/\/terapeuci.com.pl\/index.php\/wp-json\/wp\/v2\/comments?post=31"}],"version-history":[{"count":41,"href":"https:\/\/terapeuci.com.pl\/index.php\/wp-json\/wp\/v2\/pages\/31\/revisions"}],"predecessor-version":[{"id":244,"href":"https:\/\/terapeuci.com.pl\/index.php\/wp-json\/wp\/v2\/pages\/31\/revisions\/244"}],"wp:attachment":[{"href":"https:\/\/terapeuci.com.pl\/index.php\/wp-json\/wp\/v2\/media?parent=31"}],"curies":[{"name":"wp","href":"https:\/\/api.w.org\/{rel}","templated":true}]}}